, -3*q - 2 - 1 = -4*u. What is the remainder when 64 is divided by q?
1
Let j(l) = -3*l - 25. What is the remainder when 17 is divided by j(-10)?
2
Suppose -2*u = 4*m - 46, -2*u - 2*m = -0 - 38. Calculate the remainder when 34 is divided by u.
4
Suppose 4*b + 7 - 35 = 0. What is the remainder when 11 is divided by b?
4
Suppose -5*y = -101 + 1. Let h be 3*-1 + (-4)/2. What is the remainder when y is divided by (-4)/(-10) - 33/h?
6
Let o(t) = t**3 + t**2 - t + 40. Let q be o(0). Let f = q - 2. Calculate the remainder when f is divided by 13.
12
Let t(l) = -11*l - 11. What is the remainder when t(-7) is divided by 25?
16
Suppose 0*g = 5*s - 2*g, -3*s - 5*g + 31 = 0. Suppose -58 + 8 = -s*k. What is the remainder when k is divided by 7?
4
Suppose -12*q = -8*q - 72. Calculate the remainder when 88 is divided by q.
16
Suppose 3*r = -6*n + 2*n + 91, -r + 3*n + 13 = 0. Calculate the remainder when r is divided by 14.
11
Suppose 0 = -3*z - 9, 2*z + 25 = 3*m - 83. Calculate the remainder when m is divided by 12.
10
Let s(l) = -l**2 - 4*l - 2. Let k be s(-3). Let y be k*(-3 + 2) - 5. What is the remainder when 37 is divided by ((-6)/4)/(y/52)?
11
Suppose 0 = 3*n + 3*n - 276. What is the remainder when n is divided by 16?
14
Let z(h) = h - 6. Let f be z(3). Let k(g) = g**3 + 2*g**2 - 4*g - 1. Calculate the remainder when 4 is divided by k(f).
0
Suppose 9*q + 16 = 10*q. Let g = 5 + q. Calculate the remainder when g is divided by 11.
10
Suppose 2*x - 2*r = -r + 153, 5*x + 3*r - 410 = 0. What is the remainder when x is divided by 16?
15
Let q = -9 - -23. Let v(c) = 7*c**3 - 2*c + 1. What is the remainder when v(2) is divided by q?
11
Let w = 0 - -4. Suppose 16 = w*s - 20. Calculate the remainder when 15 is divided by s.
6
Let r(b) = b**3 - 2*b**2 - b - 2. Let n be (-2)/1*(-3)/2. Let u be r(n). Let c(t) = -t**3 + 4*t**2 + 2*t - 5. Calculate the remainder when 5 is divided by c(u).
2
Let s(y) = 7*y + 26. Calculate the remainder when s(4) is divided by 11.
10
Calculate the remainder when 16/10*420/8 is divided by 44.
40
What is the remainder when -150*(-10)/(-125)*-5 is divided by 18?
6
Suppose 4*p + 122 = -70. Let c = -33 - p. What is the remainder when 44 is divided by c?
14
Let d = -4 - -4. What is the remainder when 54 - d*2/8 is divided by 19?
16
Suppose 4*r - 99 - 81 = 0. Suppose -20 - r = -5*o. What is the remainder when o is divided by 4?
1
Suppose -2*b = -3*f + 4*f - 8, 4*f - 4 = -b. Suppose 2*h - 5*n = -0*h - 9, -h + n + 3 = f. Calculate the remainder when 13 is divided by h.
5
What is the remainder when 20 is divided by (-270)/(-24) - (-1)/(-4)?
9
Let k = 16 + -3. Calculate the remainder when 51 is divided by k.
12
Calculate the remainder when 13 is divided by (-64)/12*9/(-6).
5
Let r(o) = 6*o**2 - 10*o + 3. What is the remainder when r(4) is divided by 15?
14
Calculate the remainder when 27 is divided by (300/90)/(1/3*1).
7
Let b = -16 - -10. Calculate the remainder when ((-29)/3)/(b/18) is divided by 15.
14
Let r = -13 + 19. What is the remainder when r is divided by 2?
0
Let l(t) = -10*t. Calculate the remainder when 79 is divided by l(-2).
19
Let a(c) = c**3 + 3*c**2 - 5*c. Let m be a(-4). Let k = m - -24. Calculate the remainder when k is divided by 10.
8
Suppose 3*l + 5*v = 23, -5*l + 6*l - 5*v = 1. What is the remainder when 28 is divided by l?
4
Calculate the remainder when 0 - (-59 - (2 + -2)) is divided by (-840)/(-27) + 35/9 + -4.
28
Let j(l) be the second derivative of l**4/12 - 2*l**3/3 + l**2 - l. Let o = 7 + -1. What is the remainder when 26 is divided by j(o)?
12
What is the remainder when 6/1*(-9 + 12) is divided by 10?
8
Suppose -5*v - 2 = -4*v, 4*d = -v + 70. What is the remainder when d is divided by 3?
0
Let p(n) = -16*n + 6. What is the remainder when p(-3) is divided by 14?
12
Let m(i) be the second derivative of -i**3/2 - 11*i**2/2 - 4*i. What is the remainder when 63 is divided by m(-11)?
19
Suppose -6*g + 20 = -4*g. Let n = 6 - 3. Suppose 62 = 2*w - n*t, -2*w + 5*t + 12 = -54. Calculate the remainder when w is divided by g.
8
Suppose 0*h - 2*h - 108 = 0. What is the remainder when 26 is divided by (126/h)/((-2)/6)?
5
Let w = -48 + 83. Suppose -4*x - w = -9*x. Let p = -2 + x. What is the remainder when p is divided by 3?
2
Suppose 2*v - 18 = -4*o, 3*o - 8*o = -4*v + 10. What is the remainder when 3 is divided by o?
1
Let d = 197 - 139. What is the remainder when d is divided by 15?
13
Suppose -f + 17 = t, 47 = 2*t + t + 4*f. Calculate the remainder when 78 is divided by t.
15
Let a be 2/8 - 35/(-4). Let d = a - -99. Suppose -x - 2*x + d = 0. What is the remainder when x is divided by 19?
17
Calculate the remainder when (4/12)/(5/345) is divided by 12.
11
Let m(z) = z**3 + 12*z**2 + 4. Let i be m(-12). Suppose -i*f = -6 - 46. What is the remainder when f is divided by 4?
1
Let i(l) = 5*l**2 + l - 2. Suppose 5*f - 3*k + 24 = -0, 2*f = 2*k - 8. Let w be i(f). Suppose -y + 5*y - w = 0. What is the remainder when y is divided by 11?
10
Suppose -3*h + 63 + 6 = 0. Calculate the remainder when h is divided by (-2 + 0)/4*-12.
5
Let i(j) = -j**2 + 7*j - 2. Let f = -7 + 12. Suppose -f*b = -5 - 20. Calculate the remainder when i(5) is divided by b.
3
Suppose -c - 10 + 38 = 0. Suppose 65 = 5*a + 4*h + h, 2*a = -5*h + 23. Suppose a = 3*v - 31. What is the remainder when c is divided by v?
13
Suppose -15 = -4*i + 9. Let z = 6 - i. Suppose s + s - 14 = z. What is the remainder when 12 is divided by s?
5
Let o(i) = -25*i + 10. Let h(v) = -17*v + 7. Let f(x) = -7*h(x) + 5*o(x). Let d be f(-1). Calculate the remainder when d/(8/6 + -1) is divided by 11.
10
Let n(g) be the third derivative of g**5/30 - g**4/12 - 3*g**2. What is the remainder when n(3) is divided by 8?
4
Let k(f) = 3*f**2 - 3*f + 4. Calculate the remainder when (780/(-18))/((-2)/3) is divided by k(3).
21
Let i(x) = x**3 + 5*x**2 - 4*x + 8. Let r be i(-6). Let d be (-156)/7 + (-6)/(-21). Let k = r - d. What is the remainder when k is divided by 7?
4
Let s = 3 + -5. Let q = s - 5. Let z(k) = k**2 + 4*k + 1. Calculate the remainder when z(q) is divided by 8.
6
Calculate the remainder when 42 is divided by ((3 - 10) + -4)/(-1).
9
Suppose 2*a - 107 = 127. What is the remainder when a is divided by 30?
27
Let x(y) = y**2 + 4*y + 2. Let z be x(-4). Suppose -w + 34 = -z*i, -3*i + 110 = 5*w + 2*i. What is the remainder when 50 is divided by w?
24
Suppose 3*b - 53 - 55 = 0. Calculate the remainder when 68 is divided by b.
32
Let p be ((-18)/15)/(9/30). What is the remainder when 3*p/(-6) + 14 is divided by 9?
7
Suppose 0 = -5*b - 0*b + 90. Let a = 0 - 0. Suppose a = -2*o - o + 102. Calculate the remainder when o is divided by b.
16
Suppose 0 = -5*n - 0*k + 5*k + 5, k = 1. Calculate the remainder when -1*n + -7 + 37 is divided by 10.
8
Let p = 23 + -23. Suppose -4*u + 0*u + 64 = p. What is the remainder when 45 is divided by u?
13
Calculate the remainder when 29 is divided by 4/3 - 20/(-3).
5
Let h = 9 + -3. Suppose 4*l - 7 = s - h*s, 0 = 2*s + 2*l - 2. What is the remainder when 7 is divided by s?
1
Let v(r) = -12*r + 4. Let w be v(2). Let z = -7 - w. Suppose 0 = u + u - 10. What is the remainder when z is divided by u?
3
Let t = 325 - 319. Let l(v) be the second derivative of v**5/10 - v**4/12 + v**3/6 + v**2/2 - v. What is the remainder when l(2) is divided by t?
3
Let a = -39 - -56. What is the remainder when 30 is divided by a?
13
Let j be 4/2*(-1)/2. Calculate the remainder when ((-15)/12)/((-4)/80) is divided by j + 0 + (-20)/(-2).
7
Suppose 2*b = 5*p - 204, 0*p - 4*b + 192 = 5*p. What is the remainder when p is divided by 11?
7
Let d = -14 + 43. Let h(w) = -w**3 + 7*w**2 + 2*w - 4. Calculate the remainder when d is divided by h(7).
9
Suppose 4*p + 5*y = 2 - 1, -4*p + 25 = -3*y. What is the remainder when p is divided by 3?
1
Let x(t) = t - 1. Let c be x(1). Suppose o - 5 + c = 0. Calculate the remainder when 19 is divided by o.
4
Suppose 0 = -p + 4. Suppose -p*u = v - 0*v - 205, 3*u - 5*v - 148 = 0. What is the remainder when u is divided by 18?
15
Let l = 34 + -9. Suppose 8 + 1 = x. Calculate the remainder when l is divided by x.
7
Let v(f) be the second derivative of f**4/6 + 5*f**3/6 + 5*f**2/2 - f. What is the remainder when v(-5) is divided by 16?
14
Let r(t) = t**3 - 5*t**